{"id":3147,"date":"2015-02-03T20:29:53","date_gmt":"2015-02-03T19:29:53","guid":{"rendered":"https:\/\/www.camping-la-verdiere-83.com\/contact\/"},"modified":"2020-04-03T14:02:48","modified_gmt":"2020-04-03T13:02:48","slug":"contact","status":"publish","type":"page","link":"https:\/\/www.camping-la-verdiere-83.com\/de\/contact\/","title":{"rendered":"Kontakt"},"content":{"rendered":"\n<h1>Kontakt<\/h1>\n\n\n\n<div class=\"wpcf7 no-js\" id=\"wpcf7-f3880-o1\" lang=\"fr-FR\" dir=\"ltr\" data-wpcf7-id=\"3880\">\n<div class=\"screen-reader-response\"><p role=\"status\" aria-live=\"polite\" aria-atomic=\"true\"><\/p> <ul><\/ul><\/div>\n<form action=\"\/de\/wp-json\/wp\/v2\/pages\/3147#wpcf7-f3880-o1\" method=\"post\" class=\"wpcf7-form init form contact-form\" aria-label=\"Formulaire de contact\" novalidate=\"novalidate\" data-status=\"init\">\n<fieldset class=\"hidden-fields-container\"><input type=\"hidden\" name=\"_wpcf7\" value=\"3880\" \/><input type=\"hidden\" name=\"_wpcf7_version\" value=\"6.1.5\" \/><input type=\"hidden\" name=\"_wpcf7_locale\" value=\"fr_FR\" \/><input type=\"hidden\" name=\"_wpcf7_unit_tag\" value=\"wpcf7-f3880-o1\" \/><input type=\"hidden\" name=\"_wpcf7_container_post\" value=\"0\" \/><input type=\"hidden\" name=\"_wpcf7_posted_data_hash\" value=\"\" \/>\n<\/fieldset>\n<div class=\"form-row\">\n\t<div class=\"form-group col-sm-6\">\n\t\t<p><label for=\"contact_nom\">Name (required)<\/label><br \/>\n<span class=\"wpcf7-form-control-wrap\" data-name=\"nom\"><input size=\"40\" maxlength=\"400\" class=\"wpcf7-form-control wpcf7-text wpcf7-validates-as-required form-control\" id=\"contact_nom\" aria-required=\"true\" aria-invalid=\"false\" value=\"\" type=\"text\" name=\"nom\" \/><\/span>\n\t\t<\/p>\n\t<\/div>\n\t<div class=\"form-group col-sm-6\">\n\t\t<p><label for=\"contact_email\">Email (required)<\/label><br \/>\n<span class=\"wpcf7-form-control-wrap\" data-name=\"email\"><input size=\"40\" maxlength=\"400\" class=\"wpcf7-form-control wpcf7-email wpcf7-validates-as-required wpcf7-text wpcf7-validates-as-email form-control\" id=\"contact_email\" aria-required=\"true\" aria-invalid=\"false\" value=\"\" type=\"email\" name=\"email\" \/><\/span>\n\t\t<\/p>\n\t<\/div>\n<\/div>\n<div class=\"form-row\">\n\t<div class=\"form-group col-sm-6\">\n\t\t<p><label for=\"contact_tel\">Telefonnummer<\/label><br \/>\n<span class=\"wpcf7-form-control-wrap\" data-name=\"telephone\"><input size=\"40\" maxlength=\"400\" class=\"wpcf7-form-control wpcf7-tel wpcf7-text wpcf7-validates-as-tel form-control\" id=\"contact_tel\" aria-invalid=\"false\" value=\"\" type=\"tel\" name=\"telephone\" \/><\/span>\n\t\t<\/p>\n\t<\/div>\n\t<div class=\"form-group col-sm-6\">\n\t\t<p><label for=\"contact_subject\">Thema (required)<\/label><br \/>\n<span class=\"wpcf7-form-control-wrap\" data-name=\"subject\"><input size=\"40\" maxlength=\"400\" class=\"wpcf7-form-control wpcf7-text wpcf7-validates-as-required form-control\" id=\"contact_subject\" aria-required=\"true\" aria-invalid=\"false\" value=\"\" type=\"text\" name=\"subject\" \/><\/span>\n\t\t<\/p>\n\t<\/div>\n<\/div>\n<div class=\"form-group\">\n\t<p><label for=\"contact_msg\">Message (required)<\/label><br \/>\n<span class=\"wpcf7-form-control-wrap\" data-name=\"message\"><textarea cols=\"40\" rows=\"10\" maxlength=\"2000\" class=\"wpcf7-form-control wpcf7-textarea wpcf7-validates-as-required form-control\" id=\"contact_msg\" aria-required=\"true\" aria-invalid=\"false\" name=\"message\"><\/textarea><\/span>\n\t<\/p>\n<\/div>\n<div class=\"form-group\">\n\t<p><input class=\"wpcf7-form-control wpcf7-submit has-spinner btn\" type=\"submit\" value=\"Weiterleiten\" \/>\n\t<\/p>\n<\/div><div class=\"wpcf7-response-output\" aria-hidden=\"true\"><\/div>\n<\/form>\n<\/div>\n\n\n\n\n<p>Mit dem Absenden dieses Formulars erkl\u00e4re ich mich einverstanden, dass die eingegebenen Informationen im Rahmen der Informationsanfrage, der Verf\u00fcgbarkeit, der Reservierung und der daraus resultierenden Gesch\u00e4ftsbeziehung verwertet werden.<\/p>\n\n\n\n<p>Um Ihre Rechte zu erfahren und den Widerruf Ihrer Einwilligung zur Verwendung der mit diesem Formular gesammelten Daten zu nutzen, lesen Sie bitte unsere <span style=\"color: #0000ff;\">&#8222;&#8220;Datenschutzbestimmungen <\/span><a href=\"https:\/\/www.camping-la-verdiere-83.com\/mentions-legales\/\">notre politique de confidentialit\u00e9<\/a>.&#8220;&#8220;<\/p>\n","protected":false},"excerpt":{"rendered":"<p>Kontakt Mit dem Absenden dieses Formulars erkl\u00e4re ich mich einverstanden, dass die eingegebenen Informationen im Rahmen der Informationsanfrage, der Verf\u00fcgbarkeit, der Reservierung und der daraus resultierenden Gesch\u00e4ftsbeziehung verwertet werden. Um Ihre Rechte zu erfahren und den Widerruf Ihrer Einwilligung zur Verwendung der mit diesem Formular gesammelten Daten zu nutzen, lesen Sie bitte unsere &#8222;&#8220;Datenschutzbestimmungen notre [&hellip;]<\/p>\n","protected":false},"author":1,"featured_media":0,"parent":0,"menu_order":0,"comment_status":"open","ping_status":"open","template":"template-index-nosidebar.php","meta":{"footnotes":""},"class_list":["post-3147","page","type-page","status-publish","hentry"],"yoast_head":"<!-- This site is optimized with the Yoast SEO plugin v26.8 - https:\/\/yoast.com\/product\/yoast-seo-wordpress\/ -->\n<title>location mobil home var 2 3 4 5 6 personnes<\/title>\n<meta name=\"robots\" content=\"index, follow, max-snippet:-1, max-image-preview:large, max-video-preview:-1\" \/>\n<link rel=\"canonical\" href=\"https:\/\/www.camping-la-verdiere-83.com\/de\/contact\/\" \/>\n<meta property=\"og:locale\" content=\"de_DE\" \/>\n<meta property=\"og:type\" content=\"article\" \/>\n<meta property=\"og:title\" content=\"location mobil home var 2 3 4 5 6 personnes\" \/>\n<meta property=\"og:description\" content=\"Kontakt Mit dem Absenden dieses Formulars erkl\u00e4re ich mich einverstanden, dass die eingegebenen Informationen im Rahmen der Informationsanfrage, der Verf\u00fcgbarkeit, der Reservierung und der daraus resultierenden Gesch\u00e4ftsbeziehung verwertet werden. Um Ihre Rechte zu erfahren und den Widerruf Ihrer Einwilligung zur Verwendung der mit diesem Formular gesammelten Daten zu nutzen, lesen Sie bitte unsere &#8222;&#8220;Datenschutzbestimmungen notre [&hellip;]\" \/>\n<meta property=\"og:url\" content=\"https:\/\/www.camping-la-verdiere-83.com\/de\/contact\/\" \/>\n<meta property=\"og:site_name\" content=\"La verdi\u00e8re 83\" \/>\n<meta property=\"article:modified_time\" content=\"2020-04-03T13:02:48+00:00\" \/>\n<script type=\"application\/ld+json\" class=\"yoast-schema-graph\">{\"@context\":\"https:\/\/schema.org\",\"@graph\":[{\"@type\":\"WebPage\",\"@id\":\"https:\/\/www.camping-la-verdiere-83.com\/de\/contact\/\",\"url\":\"https:\/\/www.camping-la-verdiere-83.com\/de\/contact\/\",\"name\":\"location mobil home var 2 3 4 5 6 personnes\",\"isPartOf\":{\"@id\":\"https:\/\/www.camping-la-verdiere-83.com\/#website\"},\"datePublished\":\"2015-02-03T19:29:53+00:00\",\"dateModified\":\"2020-04-03T13:02:48+00:00\",\"breadcrumb\":{\"@id\":\"https:\/\/www.camping-la-verdiere-83.com\/de\/contact\/#breadcrumb\"},\"inLanguage\":\"de\",\"potentialAction\":[{\"@type\":\"ReadAction\",\"target\":[\"https:\/\/www.camping-la-verdiere-83.com\/de\/contact\/\"]}]},{\"@type\":\"BreadcrumbList\",\"@id\":\"https:\/\/www.camping-la-verdiere-83.com\/de\/contact\/#breadcrumb\",\"itemListElement\":[{\"@type\":\"ListItem\",\"position\":1,\"name\":\"Accueil\",\"item\":\"https:\/\/www.camping-la-verdiere-83.com\/de\/\"},{\"@type\":\"ListItem\",\"position\":2,\"name\":\"Kontakt\"}]},{\"@type\":\"WebSite\",\"@id\":\"https:\/\/www.camping-la-verdiere-83.com\/#website\",\"url\":\"https:\/\/www.camping-la-verdiere-83.com\/\",\"name\":\"La verdi\u00e8re 83\",\"description\":\"camping verdon\",\"potentialAction\":[{\"@type\":\"SearchAction\",\"target\":{\"@type\":\"EntryPoint\",\"urlTemplate\":\"https:\/\/www.camping-la-verdiere-83.com\/?s={search_term_string}\"},\"query-input\":{\"@type\":\"PropertyValueSpecification\",\"valueRequired\":true,\"valueName\":\"search_term_string\"}}],\"inLanguage\":\"de\"}]}<\/script>\n<!-- \/ Yoast SEO plugin. -->","yoast_head_json":{"title":"location mobil home var 2 3 4 5 6 personnes","robots":{"index":"index","follow":"follow","max-snippet":"max-snippet:-1","max-image-preview":"max-image-preview:large","max-video-preview":"max-video-preview:-1"},"canonical":"https:\/\/www.camping-la-verdiere-83.com\/de\/contact\/","og_locale":"de_DE","og_type":"article","og_title":"location mobil home var 2 3 4 5 6 personnes","og_description":"Kontakt Mit dem Absenden dieses Formulars erkl\u00e4re ich mich einverstanden, dass die eingegebenen Informationen im Rahmen der Informationsanfrage, der Verf\u00fcgbarkeit, der Reservierung und der daraus resultierenden Gesch\u00e4ftsbeziehung verwertet werden. Um Ihre Rechte zu erfahren und den Widerruf Ihrer Einwilligung zur Verwendung der mit diesem Formular gesammelten Daten zu nutzen, lesen Sie bitte unsere &#8222;&#8220;Datenschutzbestimmungen notre [&hellip;]","og_url":"https:\/\/www.camping-la-verdiere-83.com\/de\/contact\/","og_site_name":"La verdi\u00e8re 83","article_modified_time":"2020-04-03T13:02:48+00:00","schema":{"@context":"https:\/\/schema.org","@graph":[{"@type":"WebPage","@id":"https:\/\/www.camping-la-verdiere-83.com\/de\/contact\/","url":"https:\/\/www.camping-la-verdiere-83.com\/de\/contact\/","name":"location mobil home var 2 3 4 5 6 personnes","isPartOf":{"@id":"https:\/\/www.camping-la-verdiere-83.com\/#website"},"datePublished":"2015-02-03T19:29:53+00:00","dateModified":"2020-04-03T13:02:48+00:00","breadcrumb":{"@id":"https:\/\/www.camping-la-verdiere-83.com\/de\/contact\/#breadcrumb"},"inLanguage":"de","potentialAction":[{"@type":"ReadAction","target":["https:\/\/www.camping-la-verdiere-83.com\/de\/contact\/"]}]},{"@type":"BreadcrumbList","@id":"https:\/\/www.camping-la-verdiere-83.com\/de\/contact\/#breadcrumb","itemListElement":[{"@type":"ListItem","position":1,"name":"Accueil","item":"https:\/\/www.camping-la-verdiere-83.com\/de\/"},{"@type":"ListItem","position":2,"name":"Kontakt"}]},{"@type":"WebSite","@id":"https:\/\/www.camping-la-verdiere-83.com\/#website","url":"https:\/\/www.camping-la-verdiere-83.com\/","name":"La verdi\u00e8re 83","description":"camping verdon","potentialAction":[{"@type":"SearchAction","target":{"@type":"EntryPoint","urlTemplate":"https:\/\/www.camping-la-verdiere-83.com\/?s={search_term_string}"},"query-input":{"@type":"PropertyValueSpecification","valueRequired":true,"valueName":"search_term_string"}}],"inLanguage":"de"}]}},"_links":{"self":[{"href":"https:\/\/www.camping-la-verdiere-83.com\/de\/wp-json\/wp\/v2\/pages\/3147","targetHints":{"allow":["GET"]}}],"collection":[{"href":"https:\/\/www.camping-la-verdiere-83.com\/de\/wp-json\/wp\/v2\/pages"}],"about":[{"href":"https:\/\/www.camping-la-verdiere-83.com\/de\/wp-json\/wp\/v2\/types\/page"}],"author":[{"embeddable":true,"href":"https:\/\/www.camping-la-verdiere-83.com\/de\/wp-json\/wp\/v2\/users\/1"}],"replies":[{"embeddable":true,"href":"https:\/\/www.camping-la-verdiere-83.com\/de\/wp-json\/wp\/v2\/comments?post=3147"}],"version-history":[{"count":0,"href":"https:\/\/www.camping-la-verdiere-83.com\/de\/wp-json\/wp\/v2\/pages\/3147\/revisions"}],"wp:attachment":[{"href":"https:\/\/www.camping-la-verdiere-83.com\/de\/wp-json\/wp\/v2\/media?parent=3147"}],"curies":[{"name":"wp","href":"https:\/\/api.w.org\/{rel}","templated":true}]}}

<h1>Kontakt</h1>



<div class="wpcf7 no-js" id="wpcf7-f3880-o1" lang="fr-FR" dir="ltr" data-wpcf7-id="3880">
<div class="screen-reader-response"><p role="status" aria-live="polite" aria-atomic="true"></p> <ul></ul></div>
<form action="/de/wp-json/wp/v2/pages/3147#wpcf7-f3880-o1" method="post" class="wpcf7-form init form contact-form" aria-label="Formulaire de contact" novalidate="novalidate" data-status="init">
<fieldset class="hidden-fields-container"><input type="hidden" name="_wpcf7" value="3880" /><input type="hidden" name="_wpcf7_version" value="6.1.5" /><input type="hidden" name="_wpcf7_locale" value="fr_FR" /><input type="hidden" name="_wpcf7_unit_tag" value="wpcf7-f3880-o1" /><input type="hidden" name="_wpcf7_container_post" value="0" /><input type="hidden" name="_wpcf7_posted_data_hash" value="" />
</fieldset>
<div class="form-row">
	<div class="form-group col-sm-6">
		<p><label for="contact_nom">Name (required)</label><br />
<span class="wpcf7-form-control-wrap" data-name="nom"><input size="40" maxlength="400" class="wpcf7-form-control wpcf7-text wpcf7-validates-as-required form-control" id="contact_nom" aria-required="true" aria-invalid="false" value="" type="text" name="nom" /></span>
		</p>
	</div>
	<div class="form-group col-sm-6">
		<p><label for="contact_email">Email (required)</label><br />
<span class="wpcf7-form-control-wrap" data-name="email"><input size="40" maxlength="400" class="wpcf7-form-control wpcf7-email wpcf7-validates-as-required wpcf7-text wpcf7-validates-as-email form-control" id="contact_email" aria-required="true" aria-invalid="false" value="" type="email" name="email" /></span>
		</p>
	</div>
</div>
<div class="form-row">
	<div class="form-group col-sm-6">
		<p><label for="contact_tel">Telefonnummer</label><br />
<span class="wpcf7-form-control-wrap" data-name="telephone"><input size="40" maxlength="400" class="wpcf7-form-control wpcf7-tel wpcf7-text wpcf7-validates-as-tel form-control" id="contact_tel" aria-invalid="false" value="" type="tel" name="telephone" /></span>
		</p>
	</div>
	<div class="form-group col-sm-6">
		<p><label for="contact_subject">Thema (required)</label><br />
<span class="wpcf7-form-control-wrap" data-name="subject"><input size="40" maxlength="400" class="wpcf7-form-control wpcf7-text wpcf7-validates-as-required form-control" id="contact_subject" aria-required="true" aria-invalid="false" value="" type="text" name="subject" /></span>
		</p>
	</div>
</div>
<div class="form-group">
	<p><label for="contact_msg">Message (required)</label><br />
<span class="wpcf7-form-control-wrap" data-name="message"><textarea cols="40" rows="10" maxlength="2000" class="wpcf7-form-control wpcf7-textarea wpcf7-validates-as-required form-control" id="contact_msg" aria-required="true" aria-invalid="false" name="message"></textarea></span>
	</p>
</div>
<div class="form-group">
	<p><input class="wpcf7-form-control wpcf7-submit has-spinner btn" type="submit" value="Weiterleiten" />
	</p>
</div><div class="wpcf7-response-output" aria-hidden="true"></div>
</form>
</div>




<p>Mit dem Absenden dieses Formulars erkläre ich mich einverstanden, dass die eingegebenen Informationen im Rahmen der Informationsanfrage, der Verfügbarkeit, der Reservierung und der daraus resultierenden Geschäftsbeziehung verwertet werden.</p>



<p>Um Ihre Rechte zu erfahren und den Widerruf Ihrer Einwilligung zur Verwendung der mit diesem Formular gesammelten Daten zu nutzen, lesen Sie bitte unsere <span style="color: #0000ff;">&#8222;&#8220;Datenschutzbestimmungen </span><a href="https://www.camping-la-verdiere-83.com/mentions-legales/">notre politique de confidentialité</a>.&#8220;&#8220;</p>

<p>Kontakt Mit dem Absenden dieses Formulars erkläre ich mich einverstanden, dass die eingegebenen Informationen im Rahmen der Informationsanfrage, der Verfügbarkeit, der Reservierung und der daraus resultierenden Geschäftsbeziehung verwertet werden. Um Ihre Rechte zu erfahren und den Widerruf Ihrer Einwilligung zur Verwendung der mit diesem Formular gesammelten Daten zu nutzen, lesen Sie bitte unsere &#8222;&#8220;Datenschutzbestimmungen notre [&hellip;]</p>

<!-- This site is optimized with the Yoast SEO plugin v26.8 - https://yoast.com/product/yoast-seo-wordpress/ -->
<title>location mobil home var 2 3 4 5 6 personnes</title>
<meta name="robots" content="index, follow, max-snippet:-1, max-image-preview:large, max-video-preview:-1" />
<link rel="canonical" href="https://www.camping-la-verdiere-83.com/de/contact/" />
<meta property="og:locale" content="de_DE" />
<meta property="og:type" content="article" />
<meta property="og:title" content="location mobil home var 2 3 4 5 6 personnes" />
<meta property="og:description" content="Kontakt Mit dem Absenden dieses Formulars erkläre ich mich einverstanden, dass die eingegebenen Informationen im Rahmen der Informationsanfrage, der Verfügbarkeit, der Reservierung und der daraus resultierenden Geschäftsbeziehung verwertet werden. Um Ihre Rechte zu erfahren und den Widerruf Ihrer Einwilligung zur Verwendung der mit diesem Formular gesammelten Daten zu nutzen, lesen Sie bitte unsere &#8222;&#8220;Datenschutzbestimmungen notre [&hellip;]" />
<meta property="og:url" content="https://www.camping-la-verdiere-83.com/de/contact/" />
<meta property="og:site_name" content="La verdière 83" />
<meta property="article:modified_time" content="2020-04-03T13:02:48+00:00" />
<script type="application/ld+json" class="yoast-schema-graph">{"@context":"https://schema.org","@graph":[{"@type":"WebPage","@id":"https://www.camping-la-verdiere-83.com/de/contact/","url":"https://www.camping-la-verdiere-83.com/de/contact/","name":"location mobil home var 2 3 4 5 6 personnes","isPartOf":{"@id":"https://www.camping-la-verdiere-83.com/#website"},"datePublished":"2015-02-03T19:29:53+00:00","dateModified":"2020-04-03T13:02:48+00:00","breadcrumb":{"@id":"https://www.camping-la-verdiere-83.com/de/contact/#breadcrumb"},"inLanguage":"de","potentialAction":[{"@type":"ReadAction","target":["https://www.camping-la-verdiere-83.com/de/contact/"]}]},{"@type":"BreadcrumbList","@id":"https://www.camping-la-verdiere-83.com/de/contact/#breadcrumb","itemListElement":[{"@type":"ListItem","position":1,"name":"Accueil","item":"https://www.camping-la-verdiere-83.com/de/"},{"@type":"ListItem","position":2,"name":"Kontakt"}]},{"@type":"WebSite","@id":"https://www.camping-la-verdiere-83.com/#website","url":"https://www.camping-la-verdiere-83.com/","name":"La verdière 83","description":"camping verdon","potentialAction":[{"@type":"SearchAction","target":{"@type":"EntryPoint","urlTemplate":"https://www.camping-la-verdiere-83.com/?s={search_term_string}"},"query-input":{"@type":"PropertyValueSpecification","valueRequired":true,"valueName":"search_term_string"}}],"inLanguage":"de"}]}</script>
<!-- / Yoast SEO plugin. -->

Kontakt Mit dem Absenden dieses Formulars erkläre ich mich einverstanden, dass die eingegebenen Informationen im Rahmen der Informationsanfrage, der Verfügbarkeit, der Reservierung und der daraus resultierenden Geschäftsbeziehung verwertet werden. Um Ihre Rechte zu erfahren und den Widerruf Ihrer Einwilligung zur Verwendung der mit diesem Formular gesammelten Daten zu nutzen, lesen Sie bitte unsere &#8222;&#8220;Datenschutzbestimmungen notre [&hellip;]

La verdière 83
