{"id":3347,"date":"2019-05-03T18:33:26","date_gmt":"2019-05-03T17:33:26","guid":{"rendered":"https:\/\/www.camping-la-verdiere-83.com\/Tourisme\/week-end-provence-verte\/"},"modified":"2020-01-31T18:21:07","modified_gmt":"2020-01-31T17:21:07","slug":"wochenendein-frische","status":"publish","type":"portfolio","link":"https:\/\/www.camping-la-verdiere-83.com\/de\/Tourisme\/wochenendein-frische\/","title":{"rendered":"Wochenende in Frische und Entspannung"},"content":{"rendered":"<p><strong><span style=\"color: #3366ff;\">SAMSTAG : Der Sillan-Wasserfall<\/span><\/strong><\/p>\n<p>Ein angenehmer Spaziergang von 800 m inmitten riesiger Platanen f\u00fchrt zum Belvedere mit Blick auf einen herrlichen 42 m hohen Wasserfall. Unten ist das Wasser des Beckens t\u00fcrkis &#8230; an der Kreuzung k\u00f6nnen Sie den kleinen Pfad hinuntergehen und tapfer weitergehen &#8230; was auf Sie wartet, ist den Umweg wert: Es ist ein gr\u00fcnes \u201eSchmuckk\u00e4stchen\u201c, das sublime Becken und Bassins beherbergt, nat\u00fcrliche Becken zur Freude f\u00fcr Jung und Alt! Setzen Sie sich auf die kleinen Str\u00e4nde oder Felsen, tauchen und schwimmen Sie in den k\u00fchlen Gew\u00e4ssern der Pools, bis in die kleine H\u00f6hle im Felsen &#8230;<\/p>\n<p>&nbsp;<\/p>\n<p><a href=\"https:\/\/www.camping-la-verdiere-83.com\/wp-content\/uploads\/2019\/05\/WE-FRaicheur-Sillan-min.jpg\"><img loading=\"lazy\" decoding=\"async\" class=\"aligncenter size-full wp-image-3088\" src=\"https:\/\/www.camping-la-verdiere-83.com\/wp-content\/uploads\/2019\/05\/WE-FRaicheur-Sillan-min.jpg\" alt=\"\" width=\"1000\" height=\"667\" srcset=\"https:\/\/www.camping-la-verdiere-83.com\/wp-content\/uploads\/2019\/05\/WE-FRaicheur-Sillan-min.jpg 1000w, https:\/\/www.camping-la-verdiere-83.com\/wp-content\/uploads\/2019\/05\/WE-FRaicheur-Sillan-min-300x200.jpg 300w, https:\/\/www.camping-la-verdiere-83.com\/wp-content\/uploads\/2019\/05\/WE-FRaicheur-Sillan-min-768x512.jpg 768w\" sizes=\"auto, (max-width: 1000px) 100vw, 1000px\" \/><\/a><strong>Zus\u00e4tzliches Plus: Leichtes und schattiges Parken!<\/strong><\/p>\n<p><strong>\u00a0<\/strong><\/p>\n<p><strong><span style=\"color: #3366ff;\">SONNTAG : Entspannung und Schwimmen im See<\/span><\/strong><\/p>\n<p>Auf den flachen Steinen des Esparron-Sees oder an den Str\u00e4nden des St. Croix-Sees k\u00f6nnen Sie sich in idyllischen Ecken und im t\u00fcrkisfarbenen Wasser der Verdon-Seen entspannen. Im Tretboot oder \u201ebeim sich treiben lassen\u201c mit dem Kanu k\u00f6nnen Sie in Ruhe den Eingang der Schluchten erkunden, kleine felsige Buchten, um in Ruhe zu entspannen.<\/p>\n<p style=\"text-align: center;\"><span style=\"color: #3366ff;\"><strong>Wochenende in Frische und Entspannung auf dem Camping La Verdi\u00e8re:<\/strong><\/span><\/p>\n<p style=\"text-align: center;\"><span style=\"color: #3366ff;\"><strong>Frischluftatmosph\u00e4re und Entspannung garantiert!<\/strong><\/span><\/p>\n<p>&nbsp;<\/p>\n<p><a href=\"https:\/\/www.camping-la-verdiere-83.com\/location-mobil-home-var\/\">R\u00e9servez au camping de la Verdi\u00e8re en Verdon &#8222;&#8220;&#8220; RESERVIERUNG &#8222;&#8220;&#8220; <\/a><\/p>\n","protected":false},"featured_media":3343,"template":"","class_list":["post-3347","portfolio","type-portfolio","status-publish","has-post-thumbnail","hentry"],"yoast_head":"<!-- This site is optimized with the Yoast SEO plugin v26.8 - https:\/\/yoast.com\/product\/yoast-seo-wordpress\/ -->\n<title>Wochenende in Frische und Entspannung<\/title>\n<meta name=\"description\" content=\"Un suggestion de week end escapade au contact direct de la nature en Provence Verte dans les Gorges du Verdon. R\u00e9servez votre mobil home pour le Week end !\" \/>\n<meta name=\"robots\" content=\"index, follow, max-snippet:-1, max-image-preview:large, max-video-preview:-1\" \/>\n<link rel=\"canonical\" href=\"https:\/\/www.camping-la-verdiere-83.com\/de\/Tourisme\/wochenendein-frische\/\" \/>\n<meta property=\"og:locale\" content=\"de_DE\" \/>\n<meta property=\"og:type\" content=\"article\" \/>\n<meta property=\"og:title\" content=\"Wochenende in Frische und Entspannung\" \/>\n<meta property=\"og:description\" content=\"Un suggestion de week end escapade au contact direct de la nature en Provence Verte dans les Gorges du Verdon. R\u00e9servez votre mobil home pour le Week end !\" \/>\n<meta property=\"og:url\" content=\"https:\/\/www.camping-la-verdiere-83.com\/de\/Tourisme\/wochenendein-frische\/\" \/>\n<meta property=\"og:site_name\" content=\"La verdi\u00e8re 83\" \/>\n<meta property=\"article:modified_time\" content=\"2020-01-31T17:21:07+00:00\" \/>\n<meta property=\"og:image\" content=\"https:\/\/www.camping-la-verdiere-83.com\/wp-content\/uploads\/2019\/05\/WE-fraicheur-Dimanche-min.jpg\" \/>\n\t<meta property=\"og:image:width\" content=\"1000\" \/>\n\t<meta property=\"og:image:height\" content=\"750\" \/>\n\t<meta property=\"og:image:type\" content=\"image\/jpeg\" \/>\n<meta name=\"twitter:label1\" content=\"Gesch\u00e4tzte Lesezeit\" \/>\n\t<meta name=\"twitter:data1\" content=\"1\u00a0Minute\" \/>\n<script type=\"application\/ld+json\" class=\"yoast-schema-graph\">{\"@context\":\"https:\/\/schema.org\",\"@graph\":[{\"@type\":\"WebPage\",\"@id\":\"https:\/\/www.camping-la-verdiere-83.com\/de\/Tourisme\/wochenendein-frische\/\",\"url\":\"https:\/\/www.camping-la-verdiere-83.com\/de\/Tourisme\/wochenendein-frische\/\",\"name\":\"Wochenende in Frische und Entspannung\",\"isPartOf\":{\"@id\":\"https:\/\/www.camping-la-verdiere-83.com\/#website\"},\"primaryImageOfPage\":{\"@id\":\"https:\/\/www.camping-la-verdiere-83.com\/de\/Tourisme\/wochenendein-frische\/#primaryimage\"},\"image\":{\"@id\":\"https:\/\/www.camping-la-verdiere-83.com\/de\/Tourisme\/wochenendein-frische\/#primaryimage\"},\"thumbnailUrl\":\"https:\/\/www.camping-la-verdiere-83.com\/wp-content\/uploads\/2019\/05\/WE-fraicheur-Dimanche-min.jpg\",\"datePublished\":\"2019-05-03T17:33:26+00:00\",\"dateModified\":\"2020-01-31T17:21:07+00:00\",\"description\":\"Un suggestion de week end escapade au contact direct de la nature en Provence Verte dans les Gorges du Verdon. R\u00e9servez votre mobil home pour le Week end !\",\"breadcrumb\":{\"@id\":\"https:\/\/www.camping-la-verdiere-83.com\/de\/Tourisme\/wochenendein-frische\/#breadcrumb\"},\"inLanguage\":\"de\",\"potentialAction\":[{\"@type\":\"ReadAction\",\"target\":[\"https:\/\/www.camping-la-verdiere-83.com\/de\/Tourisme\/wochenendein-frische\/\"]}]},{\"@type\":\"ImageObject\",\"inLanguage\":\"de\",\"@id\":\"https:\/\/www.camping-la-verdiere-83.com\/de\/Tourisme\/wochenendein-frische\/#primaryimage\",\"url\":\"https:\/\/www.camping-la-verdiere-83.com\/wp-content\/uploads\/2019\/05\/WE-fraicheur-Dimanche-min.jpg\",\"contentUrl\":\"https:\/\/www.camping-la-verdiere-83.com\/wp-content\/uploads\/2019\/05\/WE-fraicheur-Dimanche-min.jpg\",\"width\":1000,\"height\":750,\"caption\":\"canoe kayak gorges du verdon\"},{\"@type\":\"BreadcrumbList\",\"@id\":\"https:\/\/www.camping-la-verdiere-83.com\/de\/Tourisme\/wochenendein-frische\/#breadcrumb\",\"itemListElement\":[{\"@type\":\"ListItem\",\"position\":1,\"name\":\"Accueil\",\"item\":\"https:\/\/www.camping-la-verdiere-83.com\/de\/\"},{\"@type\":\"ListItem\",\"position\":2,\"name\":\"Pages\",\"item\":\"https:\/\/www.camping-la-verdiere-83.com\/en\/Tourisme\/\"},{\"@type\":\"ListItem\",\"position\":3,\"name\":\"Wochenende in Frische und Entspannung\"}]},{\"@type\":\"WebSite\",\"@id\":\"https:\/\/www.camping-la-verdiere-83.com\/#website\",\"url\":\"https:\/\/www.camping-la-verdiere-83.com\/\",\"name\":\"La verdi\u00e8re 83\",\"description\":\"camping verdon\",\"potentialAction\":[{\"@type\":\"SearchAction\",\"target\":{\"@type\":\"EntryPoint\",\"urlTemplate\":\"https:\/\/www.camping-la-verdiere-83.com\/?s={search_term_string}\"},\"query-input\":{\"@type\":\"PropertyValueSpecification\",\"valueRequired\":true,\"valueName\":\"search_term_string\"}}],\"inLanguage\":\"de\"}]}<\/script>\n<!-- \/ Yoast SEO plugin. -->","yoast_head_json":{"title":"Wochenende in Frische und Entspannung","description":"Un suggestion de week end escapade au contact direct de la nature en Provence Verte dans les Gorges du Verdon. R\u00e9servez votre mobil home pour le Week end !","robots":{"index":"index","follow":"follow","max-snippet":"max-snippet:-1","max-image-preview":"max-image-preview:large","max-video-preview":"max-video-preview:-1"},"canonical":"https:\/\/www.camping-la-verdiere-83.com\/de\/Tourisme\/wochenendein-frische\/","og_locale":"de_DE","og_type":"article","og_title":"Wochenende in Frische und Entspannung","og_description":"Un suggestion de week end escapade au contact direct de la nature en Provence Verte dans les Gorges du Verdon. R\u00e9servez votre mobil home pour le Week end !","og_url":"https:\/\/www.camping-la-verdiere-83.com\/de\/Tourisme\/wochenendein-frische\/","og_site_name":"La verdi\u00e8re 83","article_modified_time":"2020-01-31T17:21:07+00:00","og_image":[{"width":1000,"height":750,"url":"https:\/\/www.camping-la-verdiere-83.com\/wp-content\/uploads\/2019\/05\/WE-fraicheur-Dimanche-min.jpg","type":"image\/jpeg"}],"twitter_misc":{"Gesch\u00e4tzte Lesezeit":"1\u00a0Minute"},"schema":{"@context":"https:\/\/schema.org","@graph":[{"@type":"WebPage","@id":"https:\/\/www.camping-la-verdiere-83.com\/de\/Tourisme\/wochenendein-frische\/","url":"https:\/\/www.camping-la-verdiere-83.com\/de\/Tourisme\/wochenendein-frische\/","name":"Wochenende in Frische und Entspannung","isPartOf":{"@id":"https:\/\/www.camping-la-verdiere-83.com\/#website"},"primaryImageOfPage":{"@id":"https:\/\/www.camping-la-verdiere-83.com\/de\/Tourisme\/wochenendein-frische\/#primaryimage"},"image":{"@id":"https:\/\/www.camping-la-verdiere-83.com\/de\/Tourisme\/wochenendein-frische\/#primaryimage"},"thumbnailUrl":"https:\/\/www.camping-la-verdiere-83.com\/wp-content\/uploads\/2019\/05\/WE-fraicheur-Dimanche-min.jpg","datePublished":"2019-05-03T17:33:26+00:00","dateModified":"2020-01-31T17:21:07+00:00","description":"Un suggestion de week end escapade au contact direct de la nature en Provence Verte dans les Gorges du Verdon. R\u00e9servez votre mobil home pour le Week end !","breadcrumb":{"@id":"https:\/\/www.camping-la-verdiere-83.com\/de\/Tourisme\/wochenendein-frische\/#breadcrumb"},"inLanguage":"de","potentialAction":[{"@type":"ReadAction","target":["https:\/\/www.camping-la-verdiere-83.com\/de\/Tourisme\/wochenendein-frische\/"]}]},{"@type":"ImageObject","inLanguage":"de","@id":"https:\/\/www.camping-la-verdiere-83.com\/de\/Tourisme\/wochenendein-frische\/#primaryimage","url":"https:\/\/www.camping-la-verdiere-83.com\/wp-content\/uploads\/2019\/05\/WE-fraicheur-Dimanche-min.jpg","contentUrl":"https:\/\/www.camping-la-verdiere-83.com\/wp-content\/uploads\/2019\/05\/WE-fraicheur-Dimanche-min.jpg","width":1000,"height":750,"caption":"canoe kayak gorges du verdon"},{"@type":"BreadcrumbList","@id":"https:\/\/www.camping-la-verdiere-83.com\/de\/Tourisme\/wochenendein-frische\/#breadcrumb","itemListElement":[{"@type":"ListItem","position":1,"name":"Accueil","item":"https:\/\/www.camping-la-verdiere-83.com\/de\/"},{"@type":"ListItem","position":2,"name":"Pages","item":"https:\/\/www.camping-la-verdiere-83.com\/en\/Tourisme\/"},{"@type":"ListItem","position":3,"name":"Wochenende in Frische und Entspannung"}]},{"@type":"WebSite","@id":"https:\/\/www.camping-la-verdiere-83.com\/#website","url":"https:\/\/www.camping-la-verdiere-83.com\/","name":"La verdi\u00e8re 83","description":"camping verdon","potentialAction":[{"@type":"SearchAction","target":{"@type":"EntryPoint","urlTemplate":"https:\/\/www.camping-la-verdiere-83.com\/?s={search_term_string}"},"query-input":{"@type":"PropertyValueSpecification","valueRequired":true,"valueName":"search_term_string"}}],"inLanguage":"de"}]}},"_links":{"self":[{"href":"https:\/\/www.camping-la-verdiere-83.com\/de\/wp-json\/wp\/v2\/portfolio\/3347","targetHints":{"allow":["GET"]}}],"collection":[{"href":"https:\/\/www.camping-la-verdiere-83.com\/de\/wp-json\/wp\/v2\/portfolio"}],"about":[{"href":"https:\/\/www.camping-la-verdiere-83.com\/de\/wp-json\/wp\/v2\/types\/portfolio"}],"wp:featuredmedia":[{"embeddable":true,"href":"https:\/\/www.camping-la-verdiere-83.com\/de\/wp-json\/wp\/v2\/media\/3343"}],"wp:attachment":[{"href":"https:\/\/www.camping-la-verdiere-83.com\/de\/wp-json\/wp\/v2\/media?parent=3347"}],"curies":[{"name":"wp","href":"https:\/\/api.w.org\/{rel}","templated":true}]}}

<p><strong><span style="color: #3366ff;">SAMSTAG : Der Sillan-Wasserfall</span></strong></p>
<p>Ein angenehmer Spaziergang von 800 m inmitten riesiger Platanen führt zum Belvedere mit Blick auf einen herrlichen 42 m hohen Wasserfall. Unten ist das Wasser des Beckens türkis &#8230; an der Kreuzung können Sie den kleinen Pfad hinuntergehen und tapfer weitergehen &#8230; was auf Sie wartet, ist den Umweg wert: Es ist ein grünes „Schmuckkästchen“, das sublime Becken und Bassins beherbergt, natürliche Becken zur Freude für Jung und Alt! Setzen Sie sich auf die kleinen Strände oder Felsen, tauchen und schwimmen Sie in den kühlen Gewässern der Pools, bis in die kleine Höhle im Felsen &#8230;</p>
<p>&nbsp;</p>
<p><a href="https://www.camping-la-verdiere-83.com/wp-content/uploads/2019/05/WE-FRaicheur-Sillan-min.jpg"><img loading="lazy" decoding="async" class="aligncenter size-full wp-image-3088" src="https://www.camping-la-verdiere-83.com/wp-content/uploads/2019/05/WE-FRaicheur-Sillan-min.jpg" alt="" width="1000" height="667" srcset="https://www.camping-la-verdiere-83.com/wp-content/uploads/2019/05/WE-FRaicheur-Sillan-min.jpg 1000w, https://www.camping-la-verdiere-83.com/wp-content/uploads/2019/05/WE-FRaicheur-Sillan-min-300x200.jpg 300w, https://www.camping-la-verdiere-83.com/wp-content/uploads/2019/05/WE-FRaicheur-Sillan-min-768x512.jpg 768w" sizes="auto, (max-width: 1000px) 100vw, 1000px" /></a><strong>Zusätzliches Plus: Leichtes und schattiges Parken!</strong></p>
<p><strong> </strong></p>
<p><strong><span style="color: #3366ff;">SONNTAG : Entspannung und Schwimmen im See</span></strong></p>
<p>Auf den flachen Steinen des Esparron-Sees oder an den Stränden des St. Croix-Sees können Sie sich in idyllischen Ecken und im türkisfarbenen Wasser der Verdon-Seen entspannen. Im Tretboot oder „beim sich treiben lassen“ mit dem Kanu können Sie in Ruhe den Eingang der Schluchten erkunden, kleine felsige Buchten, um in Ruhe zu entspannen.</p>
<p style="text-align: center;"><span style="color: #3366ff;"><strong>Wochenende in Frische und Entspannung auf dem Camping La Verdière:</strong></span></p>
<p style="text-align: center;"><span style="color: #3366ff;"><strong>Frischluftatmosphäre und Entspannung garantiert!</strong></span></p>
<p>&nbsp;</p>
<p><a href="https://www.camping-la-verdiere-83.com/location-mobil-home-var/">Réservez au camping de la Verdière en Verdon &#8222;&#8220;&#8220; RESERVIERUNG &#8222;&#8220;&#8220; </a></p>

<!-- This site is optimized with the Yoast SEO plugin v26.8 - https://yoast.com/product/yoast-seo-wordpress/ -->
<title>Wochenende in Frische und Entspannung</title>
<meta name="description" content="Un suggestion de week end escapade au contact direct de la nature en Provence Verte dans les Gorges du Verdon. Réservez votre mobil home pour le Week end !" />
<meta name="robots" content="index, follow, max-snippet:-1, max-image-preview:large, max-video-preview:-1" />
<link rel="canonical" href="https://www.camping-la-verdiere-83.com/de/Tourisme/wochenendein-frische/" />
<meta property="og:locale" content="de_DE" />
<meta property="og:type" content="article" />
<meta property="og:title" content="Wochenende in Frische und Entspannung" />
<meta property="og:description" content="Un suggestion de week end escapade au contact direct de la nature en Provence Verte dans les Gorges du Verdon. Réservez votre mobil home pour le Week end !" />
<meta property="og:url" content="https://www.camping-la-verdiere-83.com/de/Tourisme/wochenendein-frische/" />
<meta property="og:site_name" content="La verdière 83" />
<meta property="article:modified_time" content="2020-01-31T17:21:07+00:00" />
<meta property="og:image" content="https://www.camping-la-verdiere-83.com/wp-content/uploads/2019/05/WE-fraicheur-Dimanche-min.jpg" />
	<meta property="og:image:width" content="1000" />
	<meta property="og:image:height" content="750" />
	<meta property="og:image:type" content="image/jpeg" />
<meta name="twitter:label1" content="Geschätzte Lesezeit" />
	<meta name="twitter:data1" content="1 Minute" />
<script type="application/ld+json" class="yoast-schema-graph">{"@context":"https://schema.org","@graph":[{"@type":"WebPage","@id":"https://www.camping-la-verdiere-83.com/de/Tourisme/wochenendein-frische/","url":"https://www.camping-la-verdiere-83.com/de/Tourisme/wochenendein-frische/","name":"Wochenende in Frische und Entspannung","isPartOf":{"@id":"https://www.camping-la-verdiere-83.com/#website"},"primaryImageOfPage":{"@id":"https://www.camping-la-verdiere-83.com/de/Tourisme/wochenendein-frische/#primaryimage"},"image":{"@id":"https://www.camping-la-verdiere-83.com/de/Tourisme/wochenendein-frische/#primaryimage"},"thumbnailUrl":"https://www.camping-la-verdiere-83.com/wp-content/uploads/2019/05/WE-fraicheur-Dimanche-min.jpg","datePublished":"2019-05-03T17:33:26+00:00","dateModified":"2020-01-31T17:21:07+00:00","description":"Un suggestion de week end escapade au contact direct de la nature en Provence Verte dans les Gorges du Verdon. Réservez votre mobil home pour le Week end !","breadcrumb":{"@id":"https://www.camping-la-verdiere-83.com/de/Tourisme/wochenendein-frische/#breadcrumb"},"inLanguage":"de","potentialAction":[{"@type":"ReadAction","target":["https://www.camping-la-verdiere-83.com/de/Tourisme/wochenendein-frische/"]}]},{"@type":"ImageObject","inLanguage":"de","@id":"https://www.camping-la-verdiere-83.com/de/Tourisme/wochenendein-frische/#primaryimage","url":"https://www.camping-la-verdiere-83.com/wp-content/uploads/2019/05/WE-fraicheur-Dimanche-min.jpg","contentUrl":"https://www.camping-la-verdiere-83.com/wp-content/uploads/2019/05/WE-fraicheur-Dimanche-min.jpg","width":1000,"height":750,"caption":"canoe kayak gorges du verdon"},{"@type":"BreadcrumbList","@id":"https://www.camping-la-verdiere-83.com/de/Tourisme/wochenendein-frische/#breadcrumb","itemListElement":[{"@type":"ListItem","position":1,"name":"Accueil","item":"https://www.camping-la-verdiere-83.com/de/"},{"@type":"ListItem","position":2,"name":"Pages","item":"https://www.camping-la-verdiere-83.com/en/Tourisme/"},{"@type":"ListItem","position":3,"name":"Wochenende in Frische und Entspannung"}]},{"@type":"WebSite","@id":"https://www.camping-la-verdiere-83.com/#website","url":"https://www.camping-la-verdiere-83.com/","name":"La verdière 83","description":"camping verdon","potentialAction":[{"@type":"SearchAction","target":{"@type":"EntryPoint","urlTemplate":"https://www.camping-la-verdiere-83.com/?s={search_term_string}"},"query-input":{"@type":"PropertyValueSpecification","valueRequired":true,"valueName":"search_term_string"}}],"inLanguage":"de"}]}</script>
<!-- / Yoast SEO plugin. -->

Un suggestion de week end escapade au contact direct de la nature en Provence Verte dans les Gorges du Verdon. Réservez votre mobil home pour le Week end !

La verdière 83
