{"id":3192,"date":"2015-02-20T18:34:53","date_gmt":"2015-02-20T17:34:53","guid":{"rendered":"https:\/\/www.camping-la-verdiere-83.com\/Locations\/groupes\/"},"modified":"2020-02-25T10:29:59","modified_gmt":"2020-02-25T09:29:59","slug":"gruppen","status":"publish","type":"room","link":"https:\/\/www.camping-la-verdiere-83.com\/de\/locations\/gruppen\/","title":{"rendered":"Gruppen"},"content":{"rendered":"<p>GRUPPEN \/ Gruppen<\/p>\n<p><strong>Heimcamping im Verdon<\/strong><\/p>\n<p>Seid Ihr eine Gruppe leidenschaftlicher Radfahrer?<\/p>\n<p>In die Natur verliebte Wanderer<\/p>\n<p>Roadtrip Biker?<\/p>\n<p><img loading=\"lazy\" decoding=\"async\" class=\"alignleft size-full wp-image-2987\" src=\"https:\/\/www.camping-la-verdiere-83.com\/wp-content\/uploads\/2015\/02\/camping-verdon-motards.jpg\" alt=\"camping motards dans le verdon\" width=\"642\" height=\"322\" srcset=\"https:\/\/www.camping-la-verdiere-83.com\/wp-content\/uploads\/2015\/02\/camping-verdon-motards.jpg 642w, https:\/\/www.camping-la-verdiere-83.com\/wp-content\/uploads\/2015\/02\/camping-verdon-motards-300x150.jpg 300w\" sizes=\"auto, (max-width: 642px) 100vw, 642px\" \/><\/p>\n\t<a class=\"btn btn-shortcode btn-large btn-orange\" href=\"https:\/\/www.camping-la-verdiere-83.com\/contact\/\">\n\t\tGRUPPENTARIF ANGEBOT\t<\/a>\n\t\n<p>Der Campingplatz La Verdi\u00e8re bietet Gruppen besondere Empfangsbedingungen zu g\u00fcnstigen Preisen. Z\u00f6gern Sie nicht, uns zu kontaktieren!<\/p>\n<p>Der Campingplatz La Verdi\u00e8re empf\u00e4ngt spezielle Gruppen. Z\u00f6gern Sie nicht, uns zu kontaktieren!<\/p>\n<p>[layerlider id = &#8222;16&#8220;]<\/p>\n<p>-&gt;<span style=\"color: #ff0000;\"><strong>&#8222;&#8220;\u00a0 Kontaktieren Sie uns hier f\u00fcr ein Angebot&#8220;&#8220;<\/strong><\/span><\/p>\n","protected":false},"template":"","meta":[],"room_cat":[],"class_list":["post-3192","room","type-room","status-publish","has-post-thumbnail","hentry"],"yoast_head":"<!-- This site is optimized with the Yoast SEO plugin v26.8 - https:\/\/yoast.com\/product\/yoast-seo-wordpress\/ -->\n<title>Accueil de groupes dans le verdon | camping La Verdi\u00e8re<\/title>\n<meta name=\"robots\" content=\"index, follow, max-snippet:-1, max-image-preview:large, max-video-preview:-1\" \/>\n<link rel=\"canonical\" href=\"https:\/\/www.camping-la-verdiere-83.com\/de\/locations\/gruppen\/\" \/>\n<meta property=\"og:locale\" content=\"de_DE\" \/>\n<meta property=\"og:type\" content=\"article\" \/>\n<meta property=\"og:title\" content=\"Accueil de groupes dans le verdon | camping La Verdi\u00e8re\" \/>\n<meta property=\"og:description\" content=\"GRUPPEN \/ Gruppen Heimcamping im Verdon Seid Ihr eine Gruppe leidenschaftlicher Radfahrer? In die Natur verliebte Wanderer Roadtrip Biker? Der Campingplatz La Verdi\u00e8re bietet Gruppen besondere Empfangsbedingungen zu g\u00fcnstigen Preisen. Z\u00f6gern Sie nicht, uns zu kontaktieren! Der Campingplatz La Verdi\u00e8re empf\u00e4ngt spezielle Gruppen. Z\u00f6gern Sie nicht, uns zu kontaktieren! [layerlider id = &#8222;16&#8220;] -&gt;&#8222;&#8220;\u00a0 Kontaktieren [&hellip;]\" \/>\n<meta property=\"og:url\" content=\"https:\/\/www.camping-la-verdiere-83.com\/de\/locations\/gruppen\/\" \/>\n<meta property=\"og:site_name\" content=\"La verdi\u00e8re 83\" \/>\n<meta property=\"article:modified_time\" content=\"2020-02-25T09:29:59+00:00\" \/>\n<meta property=\"og:image\" content=\"https:\/\/www.camping-la-verdiere-83.com\/wp-content\/uploads\/2015\/02\/camping-verdon-motards.jpg\" \/>\n\t<meta property=\"og:image:width\" content=\"642\" \/>\n\t<meta property=\"og:image:height\" content=\"322\" \/>\n\t<meta property=\"og:image:type\" content=\"image\/jpeg\" \/>\n<script type=\"application\/ld+json\" class=\"yoast-schema-graph\">{\"@context\":\"https:\/\/schema.org\",\"@graph\":[{\"@type\":\"WebPage\",\"@id\":\"https:\/\/www.camping-la-verdiere-83.com\/de\/locations\/gruppen\/\",\"url\":\"https:\/\/www.camping-la-verdiere-83.com\/de\/locations\/gruppen\/\",\"name\":\"Accueil de groupes dans le verdon | camping La Verdi\u00e8re\",\"isPartOf\":{\"@id\":\"https:\/\/www.camping-la-verdiere-83.com\/#website\"},\"primaryImageOfPage\":{\"@id\":\"https:\/\/www.camping-la-verdiere-83.com\/de\/locations\/gruppen\/#primaryimage\"},\"image\":{\"@id\":\"https:\/\/www.camping-la-verdiere-83.com\/de\/locations\/gruppen\/#primaryimage\"},\"thumbnailUrl\":\"https:\/\/www.camping-la-verdiere-83.com\/wp-content\/uploads\/2015\/02\/camping-verdon-motards.jpg\",\"datePublished\":\"2015-02-20T17:34:53+00:00\",\"dateModified\":\"2020-02-25T09:29:59+00:00\",\"breadcrumb\":{\"@id\":\"https:\/\/www.camping-la-verdiere-83.com\/de\/locations\/gruppen\/#breadcrumb\"},\"inLanguage\":\"de\",\"potentialAction\":[{\"@type\":\"ReadAction\",\"target\":[\"https:\/\/www.camping-la-verdiere-83.com\/de\/locations\/gruppen\/\"]}]},{\"@type\":\"ImageObject\",\"inLanguage\":\"de\",\"@id\":\"https:\/\/www.camping-la-verdiere-83.com\/de\/locations\/gruppen\/#primaryimage\",\"url\":\"https:\/\/www.camping-la-verdiere-83.com\/wp-content\/uploads\/2015\/02\/camping-verdon-motards.jpg\",\"contentUrl\":\"https:\/\/www.camping-la-verdiere-83.com\/wp-content\/uploads\/2015\/02\/camping-verdon-motards.jpg\",\"width\":642,\"height\":322,\"caption\":\"gruppen camping\"},{\"@type\":\"BreadcrumbList\",\"@id\":\"https:\/\/www.camping-la-verdiere-83.com\/de\/locations\/gruppen\/#breadcrumb\",\"itemListElement\":[{\"@type\":\"ListItem\",\"position\":1,\"name\":\"Accueil\",\"item\":\"https:\/\/www.camping-la-verdiere-83.com\/de\/\"},{\"@type\":\"ListItem\",\"position\":2,\"name\":\"Gruppen\"}]},{\"@type\":\"WebSite\",\"@id\":\"https:\/\/www.camping-la-verdiere-83.com\/#website\",\"url\":\"https:\/\/www.camping-la-verdiere-83.com\/\",\"name\":\"La verdi\u00e8re 83\",\"description\":\"camping verdon\",\"potentialAction\":[{\"@type\":\"SearchAction\",\"target\":{\"@type\":\"EntryPoint\",\"urlTemplate\":\"https:\/\/www.camping-la-verdiere-83.com\/?s={search_term_string}\"},\"query-input\":{\"@type\":\"PropertyValueSpecification\",\"valueRequired\":true,\"valueName\":\"search_term_string\"}}],\"inLanguage\":\"de\"}]}<\/script>\n<!-- \/ Yoast SEO plugin. -->","yoast_head_json":{"title":"Accueil de groupes dans le verdon | camping La Verdi\u00e8re","robots":{"index":"index","follow":"follow","max-snippet":"max-snippet:-1","max-image-preview":"max-image-preview:large","max-video-preview":"max-video-preview:-1"},"canonical":"https:\/\/www.camping-la-verdiere-83.com\/de\/locations\/gruppen\/","og_locale":"de_DE","og_type":"article","og_title":"Accueil de groupes dans le verdon | camping La Verdi\u00e8re","og_description":"GRUPPEN \/ Gruppen Heimcamping im Verdon Seid Ihr eine Gruppe leidenschaftlicher Radfahrer? In die Natur verliebte Wanderer Roadtrip Biker? Der Campingplatz La Verdi\u00e8re bietet Gruppen besondere Empfangsbedingungen zu g\u00fcnstigen Preisen. Z\u00f6gern Sie nicht, uns zu kontaktieren! Der Campingplatz La Verdi\u00e8re empf\u00e4ngt spezielle Gruppen. Z\u00f6gern Sie nicht, uns zu kontaktieren! [layerlider id = &#8222;16&#8220;] -&gt;&#8222;&#8220;\u00a0 Kontaktieren [&hellip;]","og_url":"https:\/\/www.camping-la-verdiere-83.com\/de\/locations\/gruppen\/","og_site_name":"La verdi\u00e8re 83","article_modified_time":"2020-02-25T09:29:59+00:00","og_image":[{"width":642,"height":322,"url":"https:\/\/www.camping-la-verdiere-83.com\/wp-content\/uploads\/2015\/02\/camping-verdon-motards.jpg","type":"image\/jpeg"}],"schema":{"@context":"https:\/\/schema.org","@graph":[{"@type":"WebPage","@id":"https:\/\/www.camping-la-verdiere-83.com\/de\/locations\/gruppen\/","url":"https:\/\/www.camping-la-verdiere-83.com\/de\/locations\/gruppen\/","name":"Accueil de groupes dans le verdon | camping La Verdi\u00e8re","isPartOf":{"@id":"https:\/\/www.camping-la-verdiere-83.com\/#website"},"primaryImageOfPage":{"@id":"https:\/\/www.camping-la-verdiere-83.com\/de\/locations\/gruppen\/#primaryimage"},"image":{"@id":"https:\/\/www.camping-la-verdiere-83.com\/de\/locations\/gruppen\/#primaryimage"},"thumbnailUrl":"https:\/\/www.camping-la-verdiere-83.com\/wp-content\/uploads\/2015\/02\/camping-verdon-motards.jpg","datePublished":"2015-02-20T17:34:53+00:00","dateModified":"2020-02-25T09:29:59+00:00","breadcrumb":{"@id":"https:\/\/www.camping-la-verdiere-83.com\/de\/locations\/gruppen\/#breadcrumb"},"inLanguage":"de","potentialAction":[{"@type":"ReadAction","target":["https:\/\/www.camping-la-verdiere-83.com\/de\/locations\/gruppen\/"]}]},{"@type":"ImageObject","inLanguage":"de","@id":"https:\/\/www.camping-la-verdiere-83.com\/de\/locations\/gruppen\/#primaryimage","url":"https:\/\/www.camping-la-verdiere-83.com\/wp-content\/uploads\/2015\/02\/camping-verdon-motards.jpg","contentUrl":"https:\/\/www.camping-la-verdiere-83.com\/wp-content\/uploads\/2015\/02\/camping-verdon-motards.jpg","width":642,"height":322,"caption":"gruppen camping"},{"@type":"BreadcrumbList","@id":"https:\/\/www.camping-la-verdiere-83.com\/de\/locations\/gruppen\/#breadcrumb","itemListElement":[{"@type":"ListItem","position":1,"name":"Accueil","item":"https:\/\/www.camping-la-verdiere-83.com\/de\/"},{"@type":"ListItem","position":2,"name":"Gruppen"}]},{"@type":"WebSite","@id":"https:\/\/www.camping-la-verdiere-83.com\/#website","url":"https:\/\/www.camping-la-verdiere-83.com\/","name":"La verdi\u00e8re 83","description":"camping verdon","potentialAction":[{"@type":"SearchAction","target":{"@type":"EntryPoint","urlTemplate":"https:\/\/www.camping-la-verdiere-83.com\/?s={search_term_string}"},"query-input":{"@type":"PropertyValueSpecification","valueRequired":true,"valueName":"search_term_string"}}],"inLanguage":"de"}]}},"_links":{"self":[{"href":"https:\/\/www.camping-la-verdiere-83.com\/de\/wp-json\/wp\/v2\/room\/3192","targetHints":{"allow":["GET"]}}],"collection":[{"href":"https:\/\/www.camping-la-verdiere-83.com\/de\/wp-json\/wp\/v2\/room"}],"about":[{"href":"https:\/\/www.camping-la-verdiere-83.com\/de\/wp-json\/wp\/v2\/types\/room"}],"wp:featuredmedia":[{"embeddable":true,"href":"https:\/\/www.camping-la-verdiere-83.com\/de\/wp-json\/wp\/v2\/media\/3193"}],"wp:attachment":[{"href":"https:\/\/www.camping-la-verdiere-83.com\/de\/wp-json\/wp\/v2\/media?parent=3192"}],"wp:term":[{"taxonomy":"room_cat","embeddable":true,"href":"https:\/\/www.camping-la-verdiere-83.com\/de\/wp-json\/wp\/v2\/room_cat?post=3192"}],"curies":[{"name":"wp","href":"https:\/\/api.w.org\/{rel}","templated":true}]}}

<p>GRUPPEN / Gruppen</p>
<p><strong>Heimcamping im Verdon</strong></p>
<p>Seid Ihr eine Gruppe leidenschaftlicher Radfahrer?</p>
<p>In die Natur verliebte Wanderer</p>
<p>Roadtrip Biker?</p>
<p><img loading="lazy" decoding="async" class="alignleft size-full wp-image-2987" src="https://www.camping-la-verdiere-83.com/wp-content/uploads/2015/02/camping-verdon-motards.jpg" alt="camping motards dans le verdon" width="642" height="322" srcset="https://www.camping-la-verdiere-83.com/wp-content/uploads/2015/02/camping-verdon-motards.jpg 642w, https://www.camping-la-verdiere-83.com/wp-content/uploads/2015/02/camping-verdon-motards-300x150.jpg 300w" sizes="auto, (max-width: 642px) 100vw, 642px" /></p>
	<a class="btn btn-shortcode btn-large btn-orange" href="https://www.camping-la-verdiere-83.com/contact/">
		GRUPPENTARIF ANGEBOT	</a>
	
<p>Der Campingplatz La Verdière bietet Gruppen besondere Empfangsbedingungen zu günstigen Preisen. Zögern Sie nicht, uns zu kontaktieren!</p>
<p>Der Campingplatz La Verdière empfängt spezielle Gruppen. Zögern Sie nicht, uns zu kontaktieren!</p>
<p>[layerlider id = &#8222;16&#8220;]</p>
<p>-&gt;<span style="color: #ff0000;"><strong>&#8222;&#8220;  Kontaktieren Sie uns hier für ein Angebot&#8220;&#8220;</strong></span></p>

<!-- This site is optimized with the Yoast SEO plugin v26.8 - https://yoast.com/product/yoast-seo-wordpress/ -->
<title>Accueil de groupes dans le verdon | camping La Verdière</title>
<meta name="robots" content="index, follow, max-snippet:-1, max-image-preview:large, max-video-preview:-1" />
<link rel="canonical" href="https://www.camping-la-verdiere-83.com/de/locations/gruppen/" />
<meta property="og:locale" content="de_DE" />
<meta property="og:type" content="article" />
<meta property="og:title" content="Accueil de groupes dans le verdon | camping La Verdière" />
<meta property="og:description" content="GRUPPEN / Gruppen Heimcamping im Verdon Seid Ihr eine Gruppe leidenschaftlicher Radfahrer? In die Natur verliebte Wanderer Roadtrip Biker? Der Campingplatz La Verdière bietet Gruppen besondere Empfangsbedingungen zu günstigen Preisen. Zögern Sie nicht, uns zu kontaktieren! Der Campingplatz La Verdière empfängt spezielle Gruppen. Zögern Sie nicht, uns zu kontaktieren! [layerlider id = &#8222;16&#8220;] -&gt;&#8222;&#8220;  Kontaktieren [&hellip;]" />
<meta property="og:url" content="https://www.camping-la-verdiere-83.com/de/locations/gruppen/" />
<meta property="og:site_name" content="La verdière 83" />
<meta property="article:modified_time" content="2020-02-25T09:29:59+00:00" />
<meta property="og:image" content="https://www.camping-la-verdiere-83.com/wp-content/uploads/2015/02/camping-verdon-motards.jpg" />
	<meta property="og:image:width" content="642" />
	<meta property="og:image:height" content="322" />
	<meta property="og:image:type" content="image/jpeg" />
<script type="application/ld+json" class="yoast-schema-graph">{"@context":"https://schema.org","@graph":[{"@type":"WebPage","@id":"https://www.camping-la-verdiere-83.com/de/locations/gruppen/","url":"https://www.camping-la-verdiere-83.com/de/locations/gruppen/","name":"Accueil de groupes dans le verdon | camping La Verdière","isPartOf":{"@id":"https://www.camping-la-verdiere-83.com/#website"},"primaryImageOfPage":{"@id":"https://www.camping-la-verdiere-83.com/de/locations/gruppen/#primaryimage"},"image":{"@id":"https://www.camping-la-verdiere-83.com/de/locations/gruppen/#primaryimage"},"thumbnailUrl":"https://www.camping-la-verdiere-83.com/wp-content/uploads/2015/02/camping-verdon-motards.jpg","datePublished":"2015-02-20T17:34:53+00:00","dateModified":"2020-02-25T09:29:59+00:00","breadcrumb":{"@id":"https://www.camping-la-verdiere-83.com/de/locations/gruppen/#breadcrumb"},"inLanguage":"de","potentialAction":[{"@type":"ReadAction","target":["https://www.camping-la-verdiere-83.com/de/locations/gruppen/"]}]},{"@type":"ImageObject","inLanguage":"de","@id":"https://www.camping-la-verdiere-83.com/de/locations/gruppen/#primaryimage","url":"https://www.camping-la-verdiere-83.com/wp-content/uploads/2015/02/camping-verdon-motards.jpg","contentUrl":"https://www.camping-la-verdiere-83.com/wp-content/uploads/2015/02/camping-verdon-motards.jpg","width":642,"height":322,"caption":"gruppen camping"},{"@type":"BreadcrumbList","@id":"https://www.camping-la-verdiere-83.com/de/locations/gruppen/#breadcrumb","itemListElement":[{"@type":"ListItem","position":1,"name":"Accueil","item":"https://www.camping-la-verdiere-83.com/de/"},{"@type":"ListItem","position":2,"name":"Gruppen"}]},{"@type":"WebSite","@id":"https://www.camping-la-verdiere-83.com/#website","url":"https://www.camping-la-verdiere-83.com/","name":"La verdière 83","description":"camping verdon","potentialAction":[{"@type":"SearchAction","target":{"@type":"EntryPoint","urlTemplate":"https://www.camping-la-verdiere-83.com/?s={search_term_string}"},"query-input":{"@type":"PropertyValueSpecification","valueRequired":true,"valueName":"search_term_string"}}],"inLanguage":"de"}]}</script>
<!-- / Yoast SEO plugin. -->

Accueil de groupes dans le verdon | camping La Verdière

GRUPPEN / Gruppen Heimcamping im Verdon Seid Ihr eine Gruppe leidenschaftlicher Radfahrer? In die Natur verliebte Wanderer Roadtrip Biker? Der Campingplatz La Verdière bietet Gruppen besondere Empfangsbedingungen zu günstigen Preisen. Zögern Sie nicht, uns zu kontaktieren! Der Campingplatz La Verdière empfängt spezielle Gruppen. Zögern Sie nicht, uns zu kontaktieren! [layerlider id = &#8222;16&#8220;] -&gt;&#8222;&#8220;  Kontaktieren [&hellip;]

La verdière 83
